/(2/(-10)). Let t(v) = -v**2 - 9*v - 5. Let r be t(o). What are the prime factors of (1/r)/(13/1131)?
29
Suppose 2*z - 22 = -2. Let o be z*(-4)/16*-2. Suppose -4*r + 216 = 4*a, o*a = 2*r + 122 + 120. What are the prime factors of a?
2, 5
Let y(g) = -333*g - 9. Let t be y(-2). Suppose 7*b - 351 = t. List the prime factors of b.
2, 3
Suppose 0 = 3*m - 2*g - 26 - 3, 5*m - 45 = 4*g. Suppose m*z - 12*z - 4 = 0. What are the prime factors of z?
2
Let v(n) = -n**2 + 18*n + 237. List the prime factors of v(-7).
2, 31
Let m = 122 + -119. Suppose -r - m*r = -80. What are the prime factors of r?
2, 5
Suppose 5*z + 15 = f + 3*z, -5*f - z + 31 = 0. Let n(c) = c**3 - 7*c + f*c - 9*c**2 + 9*c - 13 + 4*c. List the prime factors of n(8).
3
Suppose -27*m + 76678 = -13*m. What are the prime factors of m?
5477
What are the prime factors of ((-60)/14)/(108/(-99288))?
2, 5, 197
Suppose -4*v + 56 = 5*p - 0*v, -2*p - 4 = -5*v. List the prime factors of ((-228)/(-24))/(1/p).
2, 19
Let h(o) = 27*o**3 - 14*o + 9. What are the prime factors of h(3)?
2, 3, 29
Suppose -3 = 2*f + p, 0 = 6*f - 3*f + 2*p + 2. Suppose 0 = t - 3*x + 10, -8 = -2*t + 4*x - 22. What are the prime factors of (9/f)/(t/16)?
2, 3
Let z = -4 + 14. Let b be (4/z)/(2/10). Let o = b + 1. List the prime factors of o.
3
Suppose -m = 4*z - 3786, z + 11083 = 4*m - 4078. List the prime factors of m.
2, 5, 379
Let n = 2348 + -1636. Let j = -476 + n. What are the prime factors of j?
2, 59
Let d(t) = -11*t - 58. What are the prime factors of d(-10)?
2, 13
What are the prime factors of 40/(-220) - (-26142)/33?
2, 3, 11
Let l be ((-186)/(-8))/((-6)/24). Let u = 143 + l. List the prime factors of u.
2, 5
Suppose -711 - 2997 = -3*b. What are the prime factors of b?
2, 3, 103
Let w = -414 - -815. What are the prime factors of w?
401
Let i be (-2)/5 + (-18)/30. What are the prime factors of (579/(-12))/(i + 15/20)?
193
Let n(h) = h**2 - 14*h - 13. Let i be 93/6 - 4/8. Let t be n(i). Suppose 0 = 5*f - 10, t*f = -y + 50 + 11. What are the prime factors of y?
3, 19
Let f = 303 - -79. What are the prime factors of f?
2, 191
Suppose -5*z = -f - 6472, 6 = 3*f - 3. What are the prime factors of z?
5, 7, 37
Suppose 0 = -54*b + 58*b - 336. Suppose -b - 2066 = -10*g. List the prime factors of g.
5, 43
What are the prime factors of (-213)/142*(-3928)/6?
2, 491
Let l(p) = p**2 + 6*p + 3. Let g be l(-6). Suppose n + 5*a - 53 = 0, g*n + a - 2*a - 143 = 0. What are the prime factors of n?
2, 3
List the prime factors of 11425/4 - (-26)/(-104).
2, 3, 7, 17
Let g(f) = -54*f + 5. Let i be g(-8). Suppose 2*j + 71 = i. What are the prime factors of j?
3, 61
Let n(s) = -17 - 26 + 50 + 72*s. What are the prime factors of n(3)?
223
Suppose -21*m = -19*m - 2846. List the prime factors of m.
1423
Let t(z) = 2*z - 5. Let u be t(-12). Let f = u + 32. List the prime factors of f.
3
Suppose 3*q = -2*g - 2 - 1, -2*q - 2 = 3*g. Suppose g = 8*y - 5*y - 27. Suppose 0 = u - 11 - y. List the prime factors of u.
2, 5
Let m = 799 - 620. What are the prime factors of m?
179
Let b(o) = -o**3 - 27*o**2 - 51*o - 14. List the prime factors of b(-25).
11
What are the prime factors of (-7 - 36/8)*-52?
2, 13, 23
Let f(i) = 5*i**3 - i**2 + i + 6. Let b be f(3). Suppose 3*n = 5*q - 174, 6*q - b = 2*q + n. List the prime factors of q.
3, 11
Suppose -3*v - 2*h + 15 = -0*v, 0 = -2*v - h + 9. Let w be v + -1 + 76 + 2. Suppose 0 = -u - 4*u + w. List the prime factors of u.
2
Let z(q) = -q**3 - 5*q**2 - q - 7. Let i be z(-7). Let o be (-2604)/i + (-3)/7. List the prime factors of (3/2)/(o/(-666)).
37
Let m = -12 + 13. List the prime factors of (-1)/(-3)*(212 + m).
71
Let h(r) = 11*r**2 + 26*r + 69. List the prime factors of h(-9).
2, 3, 11
Let x = 23 + -3. Let w = -20 + x. Suppose -y = -w*y - 7. List the prime factors of y.
7
Let m(b) = -b - 7. Let c be m(-8). Let r = 5 - c. List the prime factors of ((-5)/4)/(r/(-80)).
5
Suppose -5*h + 0 = -25. Suppose 0*b = 2*b + 4*y - 136, 2*b - h*y - 109 = 0. What are the prime factors of b?
2, 31
Let z(c) = -23*c. Let r be z(1). Let l = 145 + -100. Let f = l + r. List the prime factors of f.
2, 11
Let j(p) = 2*p**2 - 5*p - 15. What are the prime factors of j(-12)?
3, 37
Suppose 0 = -4*m - 4*i - 28, -i - 4 = -4*m - 12. List the prime factors of 3/18*m*-2*190.
2, 5, 19
Suppose 2*h = -0*f - 2*f + 290, -3*f - 4*h = -431. Suppose -3*s + 5*k + f = -2*s, -5*s - 2*k + 745 = 0. What are the prime factors of s?
149
Let a(v) = v**3 + 25*v**2 + 11*v - 63. What are the prime factors of a(-20)?
17, 101
Let r(j) = -17*j**2 - j + 1. Let q be r(1). Let f = 20 + q. Suppose -41 = -f*k + 103. List the prime factors of k.
2, 3
Let i be (-30)/(-9)*84/35. Suppose -i*n + 473 = -39. What are the prime factors of n?
2
Let j(k) = 5*k**2 + 17*k + 17. What are the prime factors of j(8)?
11, 43
Let w = -37 + 39. Suppose -72 = -q - 2*s, 0 = w*q + s - 42 - 93. What are the prime factors of q?
2, 3, 11
Suppose 0 = 12*q - 3801 + 849. What are the prime factors of q?
2, 3, 41
Let s = -18 - -19. Suppose s = z - 45. What are the prime factors of z?
2, 23
Let b be 18*((-175)/(-10) - 3). Let k = b + -148. List the prime factors of k.
113
Let z be -3*(-3)/(-27)*(-3)/(-1). Let d(p) = 2*p - 4. Let w be d(5). Let v = w + z. What are the prime factors of v?
5
Let t = -3 - -7. Suppose 5*h + 3*v - 201 - 42 = 0, -t*v - 67 = -h. Suppose -5*c + 64 + h = 0. List the prime factors of c.
23
Let g = -12 - -21. Suppose -g*a + 10*a - 37 = 0. What are the prime factors of a?
37
Let k(x) = -3*x + 4. Let y be k(-4). Let m = -27 + 34. Let c = y + m. What are the prime factors of c?
23
Suppose -14*o + 24584 + 17612 = 0. List the prime factors of o.
2, 11, 137
Let z(j) = j + 3. Let k be z(-6). Let h be (1 + 0/k)*92. Suppose 0 = -2*s + g + 49, 3*s + s = -4*g + h. List the prime factors of s.
2, 3
Let u(d) = d + 9. Suppose 2*f + 8 = -10. Let n be u(f). Suppose 5*x + 3*w - 16 = -n*w, -4*x + 10 = w. What are the prime factors of x?
2
Let a be (-6)/(1/(-1))*(-18)/(-12). Let y(g) = g**3 - 4*g**2 - 2*g + 3. Let q be y(6). Suppose -a + q = f. What are the prime factors of f?
2, 3
Suppose y + 173 = 5*d, d + 0*y - 27 = 4*y. Suppose 0 = -4*c + 3*c + d. List the prime factors of c.
5, 7
Let u(r) = 14*r**2 - 3*r - 2. Let t(l) = -l**3 - 7*l**2 + 9*l + 6. Let g be t(-8). List the prime factors of u(g).
2, 3, 5
Suppose -8*k + 8512 = 8*k. List the prime factors of k.
2, 7, 19
Let v be ((-333)/(-6))/((-21)/(-14)). Suppose 5*r + v - 131 = -2*a, 0 = a + 3*r - 49. List the prime factors of a.
37
Suppose -2*t = -0*t - f - 461, 0 = -5*t + 2*f + 1155. Let i = t + -56. What are the prime factors of i?
3, 59
Let o(a) = -8*a + 1. Let q be o(-2). Let t = q - -15. What are the prime factors of 0 + t - (-5 - -8)?
29
Let o be -1 - (0 - (1 - -2 - 2)). Suppose 3*b - 208 + 25 = o. List the prime factors of b.
61
Suppose 25*i = -26*i + 90066. List the prime factors of i.
2, 883
Suppose 2*g - 21 = -j - 6, -2*j + 32 = 2*g. Let f = 27 - j. Suppose -4*d - 2*i + 70 = f, -3*d - i = -43. List the prime factors of d.
13
Let m = -3242 - -5353. What are the prime factors of m?
2111
Let w = -2388 - -2559. What are the prime factors of w?
3, 19
Let q(p) = p - 1. Let y(g) = 2*g + 14. Let m(b) = -5*q(b) - y(b). List the prime factors of m(-14).
89
Suppose 0 = -4*h - 4, -2*h = 2*r - 0*h + 330. Let q = -108 - r. What are the prime factors of q?
2, 7
Let z = -43 - -18. Let u = -22 - z. List the prime factors of u.
3
Let i(b) = 33*b**3 - b + 1 + 5*b**2 - b**2 - 3*b**2. Let z = -25 - -26. What are the prime factors of i(z)?
2, 17
Let g be (2*1/2*-6)/(-2). Suppose -5*s + 116 = g*d, -3*d - 2*d = -3*s - 216. List the prime factors of d.
2, 3, 7
Let l(h) = -11*h - 2. Let y(z) = 32*z + 6. Let s(d) = -17*l(d) - 6*y(d). Suppose -2*x = 5*x + 42. What are the prime factors of s(x)?
2, 7
Let b(h) = -h**3 + h**2 - h + 4. Let f be b(0). Suppose f*y = -25 - 75. Let a = 35 + y. List the prime factors of a.
2, 5
Let t(p) = -3*p + 1. Let h be t(-5). Suppose -9*g - h + 43 = 0. What are the prime factors of g?
3
Let v = 4 + 0. Suppose -3*z - u + 686 = 3*u, u = v*z - 902. What are the prime factors of z?
2, 113
Let u be 54/(2*6/(-32)). Let n = u + 257. Let h = n + -37. List the prime factors of h.
2, 19
Let r = 22 - 18. Suppose -5*i + 150 = 5*j, -5*i + 75 + 76